me?
False
Suppose 11*w - 28 = 49. Suppose -81 = -w*h - 18. Is h prime?
False
Let m(z) = -48452*z - 261. Is m(-2) prime?
True
Suppose 15*g - 2*g - 32929 = 0. Is g prime?
False
Let p = -1 - 3. Suppose -5*b + 421 = x + 144, -281 = -5*b - 3*x. Is (-2)/p*(b + -3) a prime number?
False
Is 183582/2 + 3 - 13 a prime number?
True
Suppose -1921 = -211*d + 210*d. Is d a composite number?
True
Let d(g) = 19*g - 12. Let s(f) = -57*f + 37. Let w(q) = -17*d(q) - 6*s(q). Is w(11) composite?
False
Let g be (3/3)/(2/(-4)). Let z be g/(-11) + 20/11. Suppose -1 = -0*n - 3*n - z*i, 4*i + 19 = n. Is n composite?
False
Let t be ((-204)/9)/(2/(-6)). Suppose -288 + t = -5*r. Suppose -m - r = -3*m. Is m composite?
True
Let j(n) = -n**2 - 4*n + 15. Let g be j(-6). Suppose -2*w - 151 = -g*w - 3*s, -w + 143 = s. Is w prime?
True
Let k(p) = p**3 + 13*p**2 - 4. Let x be k(-13). Let r(c) = -227*c + 11. Is r(x) prime?
True
Suppose 54 = -8*w + 1342. Is w a composite number?
True
Suppose 0 = 3*n - 5*q - 3175, 4*n = 3*n + 3*q + 1065. Let g = 3949 - n. Is g prime?
False
Let b = 16 + -27. Let j be 3/9*(b - 1). Is ((-2)/3)/(j/1338) a composite number?
False
Let c(r) = -10*r**3 + 13*r**2 - 4*r + 82. Is c(-10) a composite number?
True
Let r be 283/((-1)/2*2/3). Let n = r - -1220. Is n a composite number?
True
Let p = 2 + 0. Let c be (-1)/2 - (-9)/p. Is ((-50)/c)/(2/(-4)) a prime number?
False
Is (-189)/(-9)*(-1761)/(-9) a prime number?
False
Let u = -16136 + 39865. Is u a composite number?
True
Let x(v) be the third derivative of 41*v**6/360 - v**5/24 - v**4/24 + 7*v**3/6 + 9*v**2. Let d(h) be the first derivative of x(h). Is d(4) prime?
False
Suppose 0 = -2*f - 2*f. Suppose f*l + 6 = l - j, 3*l - 46 = -4*j. Is l/55 - (-1677)/33 a composite number?
True
Suppose f = -2*f - 5*j - 22115, 5*f + 3*j + 36837 = 0. Is ((-4)/6)/(10/f) composite?
False
Let f(m) = -5 - 2*m**2 - 3*m**2 + 10*m + 26*m**2. Is f(-8) prime?
True
Is (3 - 0)*(10294/6 + -11) a composite number?
True
Is 7 + -14 + 11544/4 prime?
True
Suppose -43*z = -92*z + 567371. Is z a composite number?
False
Suppose 221*i - 331542 = 203*i. Is i a prime number?
False
Suppose 20 = -2*u + 6*u, u + 1906 = 3*t. Let v = 431 - t. Let a = 429 + v. Is a a composite number?
False
Let j be ((-9)/(-6))/(12/(-112)). Let k be 12/(-42) - 18/j. Is k*(0 - 14/(-2)) a composite number?
False
Suppose -2*r + 433 = -w, -3*r + 1093 = 2*r + w. Suppose s + r = 741. Is s composite?
False
Suppose 22 - 2 = 5*m. Suppose -b - m*j = -12, -3*b - 5*j = -6*b - 15. Suppose 3*p + 467 = 2*u, b = 2*p - 5 + 3. Is u a prime number?
False
Let a(n) = -944*n + 1. Is a(-3) a prime number?
True
Suppose 2*y - 1392 = -74. Is y a composite number?
False
Suppose z + 4*z - 15 = 0. Suppose -5*a + 360 = 2*h, 4*h + 216 = z*a - h. Let w = a - 35. Is w prime?
True
Let q(o) = -649*o**3 + 6*o**2 + 8*o. Is q(-3) a composite number?
True
Is 8 + -3962*(-9)/6 a composite number?
True
Let t(n) = -404*n + 55. Is t(-9) prime?
True
Let k(d) = 14*d**3 + 9*d**2 - 4*d - 48. Is k(7) a prime number?
True
Suppose 26*i = 21*i - 20. Is (58 + -3 + i)/1 a composite number?
True
Suppose -3*i + 1255 = -3*s + 12472, -2*s = 4*i + 14938. Is (-4)/(-28) - (-3)/((-42)/i) a prime number?
False
Let h(j) = 2*j**2 - 4*j + 2. Let r be h(2). Suppose 2 = a, 5*a + 515 + 1229 = r*x. Is x a composite number?
False
Suppose 3*k - 2480 = k. Suppose -4*f - 4*u = -1204, 4*f - 4*u - u = k. Let a = f - 172. Is a a prime number?
False
Suppose 0 = 2*z - 0 - 8. Suppose 0 = z*x - 926 + 3794. Let u = 1114 + x. Is u composite?
False
Let l(u) = -203*u**3 - 3. Is l(-2) a prime number?
True
Let i(l) = 410*l**3 + 3*l**2 - 4*l + 14. Is i(3) prime?
False
Let c(q) = 3*q**2 - 2*q - 9. Let v(x) = -x**2 + 10*x - 8. Let h be v(10). Is c(h) composite?
False
Let v(r) = r**2 + 7*r - 12. Let l be v(-7). Let j = l + 12. Suppose j*d - 13 = -d. Is d a composite number?
False
Suppose q - 5*q = 4*x + 20, q = 4*x + 20. Let a be q + 1 + 6/3. Is 85*(a/(-3))/(-1) a prime number?
False
Is (-6 - -87) + (16/2)/(-4) composite?
False
Let r be (-2)/(-8) - 250/8. Let w(d) = 5*d**2 + 6*d + 6. Let p be w(-4). Let o = r + p. Is o a composite number?
False
Suppose -23 = r + 4*v, 3*r + 22 = -r - 2*v. Is (-16520)/(-21) - (-1)/r*-1 composite?
False
Let k(o) = 3826*o - 175. Is k(3) prime?
False
Let b be (-152)/(-16) - (-3)/(-6). Suppose -4*u - b + 25 = 0. Suppose u*d = -4*f + 1008, -2*d = -4*f - 577 + 67. Is d a prime number?
False
Let y(c) = -c**3 - 3*c**2 + 2*c - 2. Let m be y(-4). Is 8348/8 + m/(-12) prime?
False
Suppose -19*z + 20*z - 10 = 0. Let t(y) = y**3 + 14*y**2 - 9*y - 8. Is t(z) composite?
True
Suppose 5*n + 101 = 3*q, -5*q + 14 + 161 = -5*n. Let v = q + 52. Is v a composite number?
False
Let m be 1*3 + 17 + -18. Suppose m*x - 529 = -83. Is x prime?
True
Suppose 99112 = 7*b - 95481. Is b a composite number?
False
Let z(n) be the first derivative of n**4/6 - 10*n**3/3 - n**2/2 - 9*n - 3. Let v(y) be the first derivative of z(y). Is v(16) composite?
False
Suppose 12 = 2*g - 2*c, -9 = -g + 3*g + 5*c. Suppose -g*n - 2*s = -5941, 3*n = 8*n + 2*s - 9899. Is n a prime number?
True
Let y(f) = -147*f + 16. Is y(-5) composite?
False
Let k = 7864 + -4387. Let r = -1010 + k. Is r prime?
True
Let u(g) be the third derivative of -g**5/20 + 11*g**4/24 - 3*g**3/2 + g**2. Let a be u(8). Let q = 192 + a. Is q prime?
True
Let v(h) = 85*h**2 - 6*h - 6. Let f be v(-10). Suppose 5*b - s - 21418 = 0, -2*b + 4*b = -4*s + f. Is b composite?
False
Suppose 6*u = 7*u - 143. Suppose -2*j + u = -j. Suppose -5*z - 13 = -j. Is z composite?
True
Is ((-6)/(-60)*5)/(1/4634) a prime number?
False
Let g(f) be the first derivative of 34*f**2 + 23*f + 23. Is g(10) composite?
True
Let p be 3 + 1 + 2 + -2. Suppose 0 = -4*i + p, 3*i - 511 = 2*j - 10. Let n = 668 + j. Is n composite?
False
Suppose 4*x = 33 + 11. Suppose x = 4*p + h - 1, -2*p - h = -8. Let i(v) = 55*v + 1. Is i(p) composite?
True
Let g(b) = -b - 2. Let q be g(-4). Suppose 0*w + 2*w + q*n = 0, -4*n - 6 = w. Suppose 2*u = -2*y + 314, 0 = w*u + y - 314 - 4. Is u composite?
True
Is (0 - 1587)*(7 + 5)/(-36) prime?
False
Let k = -78715 - -114206. Is k composite?
False
Suppose 7 = -9*c - 2. Is (1 + (0 - -10))/(c/(-283)) prime?
False
Suppose a = -2*t + 783, 5*a - 3002 - 965 = 3*t. Let r be (-9 - -1)*39/(-156). Suppose -r*l = -3*l + a. Is l a prime number?
False
Let r(b) = -11*b**2 - 5*b + 5. Let l be r(2). Let g = l + 112. Suppose 4*o - 389 = g. Is o composite?
False
Let q(v) = -v**3 - 2*v**2 - 2*v - 2. Suppose 2*o + 10 = -3*o. Let i be q(o). Suppose -i*k = -305 - 589. Is k composite?
True
Let p = -171 - -94. Let r = p + 111. Is r prime?
False
Let j be 2/3*1 - (-72541)/21. Let g = -1932 + j. Is g a composite number?
False
Let x = -21957 + 39122. Is x a prime number?
False
Suppose 0 = 8*x + 136 + 48. Let l = x - -94. Is l a composite number?
False
Let v be 61 + -60 - -1*1*-547. Let n = v + 1133. Is n composite?
False
Let f = -6691 - -15156. Is f composite?
True
Is (0 - 10/(-5))/((-2)/(-1469)) prime?
False
Suppose 3*z - 20 = 4. Suppose -1 - z = -q. Let o(b) = -b**3 + 14*b**2 - 12*b - 10. Is o(q) a prime number?
False
Let o = -8 + 18. Suppose 0 = -3*h + 2*f + o, 0 = -2*h - 2*f + 10. Is (-3663)/(-6)*h/6 prime?
False
Let f be 89/5 - (-1)/5. Let b = f - 123. Let w = 316 + b. Is w a prime number?
True
Let j be (-22)/(-3)*(1 - 2 - -85). Suppose 0 = -7*t + j + 245. Is t a composite number?
True
Let u(f) = 13 + 12 + 36*f - 8 + 58*f. Is u(9) a prime number?
True
Let h(o) = -5*o - 55. Let q be h(-11). Suppose q = -j - 80 + 219. Is j a composite number?
False
Let h(y) = -y**3 - 13*y**2 - 21*y + 27. Let l be h(-11). Suppose 12*b = l*b - 7736. Is b a prime number?
False
Suppose -v + 2*v - 1 = 2*p, 0 = -5*v + 3*p + 19. Let y(n) = -v*n**2 - 3*n**3 + n**3 + n**3 + 3 + 2*n**3 - 6*n. Is y(7) composite?
False
Suppose -2*b = -5*f + 5309, -3*b = -f + 881 + 186. Is f composite?
False
Let l = 42 + -38. Suppose -l*p = 2*d - 906, 4*d - 1170 - 630 = -2*p. Is d composite?
False
Suppose 742*u + 769070 = 752*u. Is u prime?
True
Let n = -12 + 16. Suppose 0 = -n*p + 2*p + 420. Let s = p - 117. Is s composite?
True
Suppose 0 = y + 3*s - 2*s - 4, 2 = s. Suppose -y*z + 5 + 353 = 0. Is z a prime number?
True
Let w(b) = b**2 - 9*b + 5. Let s be w(9). Suppose 0*v - s*m = 3*v - 889, 